ivided by 160?
126
Calculate the remainder when 230640 is divided by 2684.
2500
Calculate the remainder when 1729151 is divided by 345552.
1391
What is the remainder when 140497374 is divided by 3351?
3348
What is the remainder when 1771973 is divided by 1605?
53
Calculate the remainder when 2803396 is divided by 10307.
10199
Calculate the remainder when 6239945 is divided by 6.
5
What is the remainder when 131432 is divided by 31817?
4164
What is the remainder when 2261857 is divided by 108?
13
What is the remainder when 3339354 is divided by 63006?
36
What is the remainder when 27894120 is divided by 47?
43
What is the remainder when 17618460 is divided by 1324?
1316
Calculate the remainder when 588822 is divided by 16356.
6
What is the remainder when 680344 is divided by 354?
310
What is the remainder when 464182695 is divided by 21?
18
What is the remainder when 74713315 is divided by 5117?
5115
Calculate the remainder when 84364402 is divided by 61.
60
Calculate the remainder when 260285891 is divided by 5763.
5759
What is the remainder when 277599 is divided by 6449?
292
Calculate the remainder when 2996267 is divided by 142679.
8
What is the remainder when 87172560 is divided by 211?
20
What is the remainder when 214184 is divided by 98?
54
Calculate the remainder when 1000650 is divided by 68.
30
What is the remainder when 45171864 is divided by 1209?
1206
What is the remainder when 31300984 is divided by 27?
19
Calculate the remainder when 285523879 is divided by 3490.
3489
What is the remainder when 97984 is divided by 97967?
17
What is the remainder when 1322232 is divided by 14528?
184
What is the remainder when 628908 is divided by 32841?
4929
Calculate the remainder when 3376837 is divided by 1688414.
9
Calculate the remainder when 61528 is divided by 29903.
1722
What is the remainder when 4621831 is divided by 9027?
7
What is the remainder when 2655508 is divided by 114?
106
What is the remainder when 2436351 is divided by 124?
123
What is the remainder when 216724896 is divided by 82155?
6
Calculate the remainder when 406293883 is divided by 2722.
2719
Calculate the remainder when 16960499 is divided by 900.
899
Calculate the remainder when 32051915 is divided by 1332.
1331
What is the remainder when 7361686 is divided by 404?
402
What is the remainder when 5292690 is divided by 72?
42
Calculate the remainder when 150068 is divided by 16659.
137
What is the remainder when 45924 is divided by 620?
44
Calculate the remainder when 12929891 is divided by 263.
22
What is the remainder when 1300222 is divided by 14288?
14
Calculate the remainder when 660521 is divided by 220170.
11
Calculate the remainder when 2813327 is divided by 8710.
8707
What is the remainder when 11362 is divided by 1472?
1058
Calculate the remainder when 5382284 is divided by 48489.
5
Calculate the remainder when 377443 is divided by 75472.
83
What is the remainder when 100586 is divided by 1031?
579
Calculate the remainder when 1723952 is divided by 82092.
20
Calculate the remainder when 3267774 is divided by 16177.
20
What is the remainder when 1387456 is divided by 22023?
7
What is the remainder when 16405914 is divided by 29507?
22
What is the remainder when 8895324 is divided by 2223830?
4
Calculate the remainder when 64354244 is divided by 104.
84
Calculate the remainder when 260375 is divided by 1833.
89
Calculate the remainder when 1699440 is divided by 73888.
16
Calculate the remainder when 11840 is divided by 46.
18
Calculate the remainder when 584622 is divided by 6547.
1939
Calculate the remainder when 47420 is divided by 9042.
2210
Calculate the remainder when 757503 is divided by 251696.
2415
Calculate the remainder when 436904 is divided by 558.
548
What is the remainder when 55503 is divided by 13864?
47
Calculate the remainder when 15722546 is divided by 1192.
66
What is the remainder when 26962442 is divided by 396?
386
Calculate the remainder when 3482207 is divided by 1160734.
5
Calculate the remainder when 2675974 is divided by 91.
28
What is the remainder when 273910 is divided by 16098?
244
Calculate the remainder when 2309038 is divided by 216.
214
What is the remainder when 7937856 is divided by 1982?
1928
Calculate the remainder when 65220004 is divided by 382.
380
Calculate the remainder when 39197 is divided by 39054.
143
Calculate the remainder when 22786178 is divided by 2230.
38
Calculate the remainder when 143226 is divided by 71508.
210
What is the remainder when 7488325 is divided by 1069754?
47
Calculate the remainder when 6494734 is divided by 5122.
38
Calculate the remainder when 761373 is divided by 243.
54
Calculate the remainder when 11703 is divided by 2015.
1628
Calculate the remainder when 1457235 is divided by 112094.
13
Calculate the remainder when 34038818 is divided by 219605.
43
Calculate the remainder when 14857694 is divided by 38.
36
What is the remainder when 50492058 is divided by 3177?
3174
What is the remainder when 50658269 is divided by 10?
9
What is the remainder when 9148162 is divided by 4106?
4100
What is the remainder when 400585 is divided by 358?
341
What is the remainder when 83963 is divided by 11987?
54
Calculate the remainder when 267499 is divided by 3222.
73
What is the remainder when 3205510 is divided by 91586?
0
Calculate the remainder when 1628915 is divided by 232537.
1156
What is the remainder when 13895436 is divided by 1048?
4
What is the remainder when 762503 is divided by 762431?
72
Calculate the remainder when 213456 is divided by 11234.
10
Calculate the remainder when 2048515 is divided by 146319.
49
What is the remainder when 42260856 is divided by 2986?
2984
What is the remainder when 9222544 is divided by 2305632?
16
Calculate the remainder when 1679237 is divided by 1679232.
5
What is the remainder when 5116538 is divided by 121?
53
What is the remainder when 127097 is divided by 482?
331
What is the remainder when 64971 is divided by 64075?
896
Calculate the remainder when 841781 is divided by 45.
11
Calculate the remainder when 41825 is divided by 2887.
1407
What is the remainder when 897183 is divided by 703?
155
What is the remainder when 21723161 is divided by 15?
11
What is the remainder when 1028429 is divided by 134?
113
Calculate the remainder when 933757 is divided by 948.
925
What is the remainder when 293305 is divided by 1999?
1451
Calculate the remainder when 79780 is divided by 79613.
167
What is the remainder when 5001565 is divided by 126?
121
Calculate the remainder when 359628 is divided by 26.
22
What is the remainder when 34444691 is divided by 20?
11
What is the remainder when 197303 is divided by 196899?
404
Calculate the remainder when 492064 is divided by 535.
399
Calculate the remainder when 16525436 is divided by 193.
4
What is the remainder when 2017637 is divided by 1257?
152
Calculate the remainder when 39613458 is divided by 363.
357
What is the remainder when 80558403 is divided by 1414?
1409
Calculate the remainder when 108086 is divided by 3124.
1870
What is the remainder when 18218601 is divided by 934?
931
What is the remainder when 178651492 is divided by 485466?
4
What is the remainder when 538584 is divided by 747?
744
What is the remainder when 1031050 is divided by 1030893?
157
Calculate the remainder when 1587830 is divided by 30535.
10
What is the remainder when 2638059 is divided by 87935?
9
Calculate the remainder when 1586847 is divided by 317027.
1712
Calculate the remainder when 9232690 is divided by 4495.
4455
What is the remainder when 918295 is divided by 917816?
479
Calculate the remainder when 229252 is divided by 3302.
1414
Calculate the remainder when 3605276 is divided by 901312.
28
What is the remainder when 4590217 is divided by 31?
16
What is the remainder when 202004 is divided by 18?
8
What is the remainder when 859348 is divided by 885?
13
Calculate the remainder when 716600 is divided by 358297.
6
Calculate the remainder when 3322763 is divided by 1661374.
15
What is the remainder when 1809624 is divided by 60?
24
What is the remainder when 84173854 is divided by 434?
422
What is the remainder when 649785 is divided by 642?
81
What is the remainder when 1442036 is divided by 143?
24
What is the remainder when